- (-2)/5 is divided by j.
11
Let c be ((-30)/9)/5*12. Let v = 21 + c. Calculate the remainder when 24 is divided by v.
11
Let v = -1 + 1. Suppose v = -2*c + 5*s - 58, 4*c - 4*s + 76 + 16 = 0. Let h = -11 - c. What is the remainder when 30 is divided by h?
6
Suppose 3*h + 23 = 92. What is the remainder when 44 is divided by h?
21
Let c(m) = -32*m - 22. What is the remainder when c(-7) is divided by 12?
10
Let k = -48 + 84. Calculate the remainder when k is divided by 10.
6
Let k(l) = -l**2 + l + 19. Let g be 3/24 - 2/16. Calculate the remainder when k(g) is divided by 11.
8
Let s be ((-10)/3)/((-2)/(-6)). Let v = -4 - s. Calculate the remainder when v is divided by 3.
0
Calculate the remainder when 29 is divided by (-70)/(-9) - 14/(-63).
5
Suppose 67 = 2*y + n, y - 7 - 19 = -2*n. Suppose -4*q + 5*q - y = 0. Calculate the remainder when q is divided by 19.
17
Let m(x) = -x**2 - 12*x + 2. What is the remainder when 2/(-5) - (-494)/10 is divided by m(-11)?
10
Let a = 6 + 14. What is the remainder when 95 is divided by a?
15
Suppose q - 8 = 12. What is the remainder when (-3)/12 - (-1605)/q is divided by 27?
26
Suppose 0*d = 3*d - 147. Let m(o) = 4*o - 7. What is the remainder when d is divided by m(5)?
10
Let j(d) = 3*d**2 + d - 1. Let a be j(1). Suppose a = -p + s, -2*s - 3 = -13. Let u = p - -30. Calculate the remainder when u is divided by 11.
10
Suppose 4*b = -2*j + 326, -b - b + 160 = 2*j. What is the remainder when b is divided by 17?
15
Let p(g) = 14*g**3. Let d = 0 - -1. Calculate the remainder when p(d) is divided by 4.
2
Let z = -18 + 27. What is the remainder when (2/(-1))/((-14)/175) is divided by z?
7
Let v(m) = 7*m + 4. Let x(b) = -15*b - 8. Let s(n) = -5*v(n) - 2*x(n). Let y be s(-3). Calculate the remainder when 7 is divided by y/3 + (-1)/(-3).
3
Suppose -173 = -2*f + y, -2*y = 2*f - 79 - 79. What is the remainder when f is divided by 22?
18
Let l(n) = 2*n**2 - 2. Let k be l(-2). Suppose 3*d = -u + 14, k*u + 3*d = 2*u + 29. Calculate the remainder when 14 is divided by u.
4
Let v(h) = h**3 + 14*h**2 - 20*h - 22. Calculate the remainder when v(-15) is divided by 11.
9
Let m be (1/(-2))/(6/(-60)). Suppose 28 = -m*s + 3, -g = -s. Calculate the remainder when 2/5 + (-153)/g is divided by 16.
15
Let h(c) = 2*c**2 - 2*c - 1. What is the remainder when h(4) is divided by 6?
5
Let y(g) = g**2 - 25*g - 42. What is the remainder when (-69)/2*(-8)/6 is divided by y(27)?
10
Suppose 2*s - 8 = t, 19 = -3*t + 3*s - 2. Let c(a) = a**3 + 6*a**2 - a - 2. Calculate the remainder when c(t) is divided by 3.
1
Suppose -2*l + 3 + 1 = 0. Let q(i) = -i. Suppose -7*f - 20 = -2*f. Calculate the remainder when q(f) is divided by l.
0
Let m(w) = w + 19. What is the remainder when 85 is divided by m(10)?
27
Suppose -2*u - 85 = 3*u. Let p = 32 + u. Let c(n) = n**2 - 23*n + 148. Calculate the remainder when c(8) is divided by p.
13
What is the remainder when 4/(-6)*-24 - -4 is divided by 8?
4
Suppose -36*s + 1087 = 43. Let y = 37 + -6. Let z = y + -21. What is the remainder when s is divided by z?
9
Let r(v) = -v - 2. Let t be -6 + 0 + -2 + 1. Let n be r(t). Suppose -3*m = -5*q + 44, q + 0*m = n*m. Calculate the remainder when 29 is divided by q.
9
Suppose 4*k = 2*w + 52, 2*k + 3*w = -k + 57. Suppose -2*q + k = 1. Calculate the remainder when 26 is divided by q.
5
Let m be (-2)/4 - 22/(-4). Suppose -k - 154 = -m*x, 4*x + x = -5*k + 130. Calculate the remainder when x is divided by 16.
14
What is the remainder when ((-240)/(-56))/((-9)/(-42)) is divided by 7?
6
Suppose -32 = -2*t - 0*t. Suppose 0 = 6*h - 3*h + 3, -2*h + 34 = 4*p. What is the remainder when t is divided by p?
7
Suppose p - 3*p = -34. Let x be (-3 + 14/4)*0. Suppose x = -g - t + 30, 0*g + 2*g - 5*t = 67. Calculate the remainder when g is divided by p.
14
Let h(m) = -m**2 - m + 16. Let n be h(0). Suppose -5*v - n = 24. Let j = 13 + v. What is the remainder when j is divided by 3?
2
Suppose -11 = -3*q + 28. Suppose 0 = -8*i + i + 35. What is the remainder when q is divided by i?
3
Let y = -23 - -64. Let h(l) be the first derivative of l**3/3 - 4*l - 1. What is the remainder when y is divided by h(5)?
20
Let u = 12 - -141. Calculate the remainder when u is divided by 39.
36
Let x(b) = -b**2 - 9*b + 6. Suppose 1 + 35 = -4*i. Calculate the remainder when 11 is divided by x(i).
5
Suppose -8 = -3*p + 1. Calculate the remainder when 65 is divided by 99/6*4/p.
21
Calculate the remainder when 13 is divided by (-14)/(-3)*(-6)/(-4).
6
Suppose -65*h + 68*h - 18 = 0. Suppose 0 = 5*o - 3*f - 4 - 3, -4*o + 2*f = -6. Calculate the remainder when h is divided by o.
0
Let u(q) = 10*q - 1. What is the remainder when u(1) is divided by 6?
3
Suppose -x = 4*x. Let l be (-5 + x)*(5 + -6). Suppose -k - g + 6*g = -32, 0 = -l*g - 10. Calculate the remainder when k is divided by 12.
10
Suppose 0 = -2*o - 19 - 1. Let m = 16 + o. Calculate the remainder when 15 is divided by m.
3
Suppose -2*o = 4 - 72. Calculate the remainder when o is divided by 12.
10
Suppose 3*b + 27 = 3*d, -8*d + 11*d - 23 = b. Suppose -64 = 4*f - 6*f. What is the remainder when f is divided by d?
4
Suppose 19 = 5*k - 26. What is the remainder when -3*(-2 - (-12)/k) is divided by 2?
0
Let c be -1 - 6/(-3)*1. Suppose -c = -2*w + 3. Suppose 2*d + w = 3*d. What is the remainder when 2 is divided by d?
0
Let q = 20 + -4. Calculate the remainder when 264/q + 2/4 is divided by 6.
5
Suppose -12*g + 39 = -105. Calculate the remainder when 56 is divided by g.
8
Let h = 97 - 5. What is the remainder when h is divided by 24?
20
Suppose -75 = -5*h - 5*q, -q - 63 = -5*h - 2*q. Calculate the remainder when h is divided by 5.
2
Suppose 5*z - 108 - 22 = 0. Suppose -z = -4*a + 4*k + 46, -4*a = 3*k - 72. Calculate the remainder when a is divided by 5.
3
Let s(h) = h**3 + 6*h**2 + h - 3. Calculate the remainder when 117 is divided by s(-5).
15
Suppose 9 = 2*d + 1. What is the remainder when d is divided by 1?
0
Let a(o) = o**3 - o**2 - o + 5. What is the remainder when a(0) is divided by (3 + 16/(-6))*6?
1
Let c = 25 + -7. What is the remainder when 0/1 - (-2 - c) is divided by (1 + 24/(-2))*-1?
9
Suppose -3*i = q + 3, 4*i - 2 = -2*q - 4. Suppose 0*v = 3*v, -q*x - 4*v = -3. Let n(a) = 5*a**3 - 2*a**2 + 1. What is the remainder when n(x) is divided by 2?
0
Suppose 3*x = 7*x - 60. Let w(n) = -n**3 + 7*n**2 - 3*n. Calculate the remainder when w(3) is divided by x.
12
Suppose p - 4 - 14 = 0. Let c(k) = k + 3. Let i be c(-9). Let j(o) = 2*o**2 + 7*o + 4. Calculate the remainder when j(i) is divided by p.
16
Let c(o) = o - 1. Let k be c(10). What is the remainder when 4 is divided by 3/k + (-25)/(-15)?
0
Let k(b) = b**2 + 11*b - 32. What is the remainder when (6 - 4)/(4/118) is divided by k(-14)?
9
Suppose -4*c - 6 = -c. Let l = 0 - c. Let p = l - 0. What is the remainder when 2 is divided by p?
0
Let u = 41 - 27. Calculate the remainder when 39 is divided by u.
11
Suppose 231 = 3*c - 5*h, 0 = -4*h - 4 - 8. Suppose -2*a + 39 = n, 10 = -3*n + 5*a + c. Calculate the remainder when n is divided by 8.
5
Suppose 3*k = -y + 661, 4*y + 416 = 5*k - 663. Suppose -r = 3 - 0, -k = -3*l + r. What is the remainder when l is divided by 19?
15
Suppose 3*k + 14 = z, 3*z + 25 = 5*k + 83. Suppose -f = 4*q - 30, -3*q - q = -f - z. Suppose -110 = -q*a + 2*a. Calculate the remainder when a is divided by 12.
10
Let z = 7 - 4. Suppose z*h + 37 = q, q + 37 = 2*q + 4*h. Suppose 13 = 5*d - q. Calculate the remainder when 29 is divided by d.
9
Let q(b) = -5*b - 9. Let o be q(-7). Suppose 10 = 2*k + 2. Suppose 3*x - o = -0*x - a, -k*x + 40 = 4*a. What is the remainder when 21 is divided by x?
5
What is the remainder when (5 - (4 - 2)) + 5*1 is divided by 3?
2
Suppose w = -q - 18, -3*w + 0*w - 6 = 0. Calculate the remainder when (117/(-6))/(12/q) is divided by 14.
12
Let g(n) = n**2 - 4*n + 2. Let l be g(4). Let y(s) = 0*s**3 - 2*s**3 - 6*s**l + 0*s - s + 4. What is the remainder when y(-4) is divided by 21?
19
Suppose 40 = 15*x - 5*x. What is the remainder when 33 is divided by x?
1
Let n(t) = -t**3 - 6*t**2 - 2*t - 7. What is the remainder when 7 is divided by n(-6)?
2
Let s be (-2 - -5)*(-2)/(-6). Suppose -4*x - 4*h = -h - 33, -s = h. What is the remainder when x is divided by 2?
1
Suppose 2*u = 8 + 22.